{"id":60,"date":"2022-04-02T07:51:27","date_gmt":"2022-04-02T07:51:27","guid":{"rendered":"http:\/\/schoeffbaumgut.at\/?page_id=60"},"modified":"2022-04-02T18:49:28","modified_gmt":"2022-04-02T18:49:28","slug":"frisch-vom-hof","status":"publish","type":"page","link":"http:\/\/schoeffbaumgut.at\/?page_id=60","title":{"rendered":"Frisch vom Hof"},"content":{"rendered":"\n<h2 class=\"has-text-align-center wp-block-heading\">Frisch vom Hof<\/h2>\n\n\n<p style=\"text-align: center;\">Natur pur gibt es bei uns nicht nur hinsichtlich unbeschwerter Ferientage, sondern auch in Form von hofeigenen Bio-Produkten: Milch, Marmelade, Holler<\/p>\n<p style=\"text-align: center;\">Der Holunder gilt als Hausapotheke des Volkes.<br \/>Die Wirkstoffe des Schwarzen Holunders enthalten die Vitamine C und B, von denen man eine Unterst\u00fctzung der Immunabwehr erwarten kann.<\/p>\n<p style=\"text-align: center;\">Hollerbeeren reifen Anfang September.<br \/>Hausgemachte Hollers\u00e4fte und -lik\u00f6re nach \u00fcberlieferten Rezepten sind wahre Hochgen\u00fcsse, die wir nach Saison anbieten.<\/p>\n<p style=\"text-align: center;\">Ein Rezept des Hauses: Hollercreme<br \/>30 dag Hollerbeere<br \/>10 dag Zucker<br \/>6 dag Maizena<br \/>1\/4 l Milch<br \/>Zitronenschale<br \/>ged\u00fcnstete Apfel- und Birnenspalten<\/p>\n<p style=\"text-align: center;\">Gewaschene Hollerbeeren mit wenig Wasser und Zitronenschale kochen und durch ein Sieb geben. Hollersaft und Zucker zum Kochen bringen und darin das mit Milch angr\u00fchrte St\u00e4rkemehl aufkochen. In eine Glassch\u00fcssel legt man ged\u00fcnstete \u00c4pfel- und Birnenspalten, dar\u00fcber die Hollercreme. Kalt servieren<\/p>\n<p style=\"text-align: center;\">T\u00e4glich frische Milch von den K\u00fchen am Hof ist bei uns erh\u00e4ltlich.<\/p>","protected":false},"excerpt":{"rendered":"<p>Frisch vom Hof Natur pur gibt es bei uns nicht nur hinsichtlich unbeschwerter Ferientage, sondern auch in Form von hofeigenen Bio-Produkten: Milch, Marmelade, Holler Der Holunder gilt als Hausapotheke des Volkes.Die Wirkstoffe des Schwarzen Holunders enthalten die Vitamine C und B, von denen man eine Unterst\u00fctzung der Immunabwehr erwarten kann. Hollerbeeren reifen Anfang September.Hausgemachte Hollers\u00e4fte [&hellip;]<\/p>\n","protected":false},"author":1,"featured_media":0,"parent":304,"menu_order":2,"comment_status":"closed","ping_status":"closed","template":"","meta":[],"_links":{"self":[{"href":"http:\/\/schoeffbaumgut.at\/index.php?rest_route=\/wp\/v2\/pages\/60"}],"collection":[{"href":"http:\/\/schoeffbaumgut.at\/index.php?rest_route=\/wp\/v2\/pages"}],"about":[{"href":"http:\/\/schoeffbaumgut.at\/index.php?rest_route=\/wp\/v2\/types\/page"}],"author":[{"embeddable":true,"href":"http:\/\/schoeffbaumgut.at\/index.php?rest_route=\/wp\/v2\/users\/1"}],"replies":[{"embeddable":true,"href":"http:\/\/schoeffbaumgut.at\/index.php?rest_route=%2Fwp%2Fv2%2Fcomments&post=60"}],"version-history":[{"count":2,"href":"http:\/\/schoeffbaumgut.at\/index.php?rest_route=\/wp\/v2\/pages\/60\/revisions"}],"predecessor-version":[{"id":214,"href":"http:\/\/schoeffbaumgut.at\/index.php?rest_route=\/wp\/v2\/pages\/60\/revisions\/214"}],"up":[{"embeddable":true,"href":"http:\/\/schoeffbaumgut.at\/index.php?rest_route=\/wp\/v2\/pages\/304"}],"wp:attachment":[{"href":"http:\/\/schoeffbaumgut.at\/index.php?rest_route=%2Fwp%2Fv2%2Fmedia&parent=60"}],"curies":[{"name":"wp","href":"https:\/\/api.w.org\/{rel}","templated":true}]}}