{"id":49,"date":"2022-04-02T07:40:24","date_gmt":"2022-04-02T07:40:24","guid":{"rendered":"http:\/\/schoeffbaumgut.at\/?page_id=49"},"modified":"2022-04-03T09:11:30","modified_gmt":"2022-04-03T09:11:30","slug":"impressum","status":"publish","type":"page","link":"http:\/\/schoeffbaumgut.at\/?page_id=49","title":{"rendered":"Impressum"},"content":{"rendered":"<p style=\"text-align: center;\"><strong>Herausgeber dieser Website<\/strong><\/p>\n<p style=\"text-align: center;\">Familie Zuckerst\u00e4tter, Sch\u00f6ffbaumgut<br \/>\nFeldbergweg 5<br \/>\n5330 Fuschl am See<br \/>\n\u00d6sterreich<br \/>\n+43 6226 8315<br \/>\n<a href=\"mailto:info@schoeffbaumgut.at\">info@schoeffbaumgut.at<\/a><\/p>\n<p style=\"text-align: center;\">Registrierungsnummer gem\u00e4\u00df \u00a7 9 Abs. 5 Salzburger N\u00e4chtigungsabgabengesetz:<br \/>\n50312-002006-2020<\/p>\n<p style=\"text-align: center;\">Das unter <a href=\"http:\/\/www.schoeffbaumgut.at\">www.schoeffbaumgut.at<\/a> verwendete Text- und Bildmaterial darf ohne schriftliche Genehmigung in keiner Form<br \/>\nreproduziert oder unter Verwendung elektronischer Systeme verarbeitet, vervielf\u00e4ltigt oder verbreitet werden.<br \/>\nEine Haftung f\u00fcr die Inhalte dieser Website kann trotz sorgf\u00e4ltiger Pr\u00fcfung durch den Herausgeber nicht \u00fcbernommen werden.<\/p>\n","protected":false},"excerpt":{"rendered":"<p>Herausgeber dieser Website Familie Zuckerst\u00e4tter, Sch\u00f6ffbaumgut Feldbergweg 5 5330 Fuschl am See \u00d6sterreich +43 6226 8315 info@schoeffbaumgut.at Registrierungsnummer gem\u00e4\u00df \u00a7 9 Abs. 5 Salzburger N\u00e4chtigungsabgabengesetz: 50312-002006-2020 Das unter www.schoeffbaumgut.at verwendete Text- und Bildmaterial darf ohne schriftliche Genehmigung in keiner Form reproduziert oder unter Verwendung elektronischer Systeme verarbeitet, vervielf\u00e4ltigt oder verbreitet werden. Eine Haftung f\u00fcr die [&hellip;]<\/p>\n","protected":false},"author":1,"featured_media":0,"parent":0,"menu_order":10,"comment_status":"closed","ping_status":"closed","template":"","meta":[],"_links":{"self":[{"href":"http:\/\/schoeffbaumgut.at\/index.php?rest_route=\/wp\/v2\/pages\/49"}],"collection":[{"href":"http:\/\/schoeffbaumgut.at\/index.php?rest_route=\/wp\/v2\/pages"}],"about":[{"href":"http:\/\/schoeffbaumgut.at\/index.php?rest_route=\/wp\/v2\/types\/page"}],"author":[{"embeddable":true,"href":"http:\/\/schoeffbaumgut.at\/index.php?rest_route=\/wp\/v2\/users\/1"}],"replies":[{"embeddable":true,"href":"http:\/\/schoeffbaumgut.at\/index.php?rest_route=%2Fwp%2Fv2%2Fcomments&post=49"}],"version-history":[{"count":4,"href":"http:\/\/schoeffbaumgut.at\/index.php?rest_route=\/wp\/v2\/pages\/49\/revisions"}],"predecessor-version":[{"id":335,"href":"http:\/\/schoeffbaumgut.at\/index.php?rest_route=\/wp\/v2\/pages\/49\/revisions\/335"}],"wp:attachment":[{"href":"http:\/\/schoeffbaumgut.at\/index.php?rest_route=%2Fwp%2Fv2%2Fmedia&parent=49"}],"curies":[{"name":"wp","href":"https:\/\/api.w.org\/{rel}","templated":true}]}}